 n(j). Is p(-6) a prime number?
False
Suppose m = -2*u + 39075, 3*u = -4*m + 132894 + 23416. Is m composite?
False
Let z = 55 - 82. Let k = z - -29. Suppose -u - 1077 = -k*l, -l - 3*u - 282 = -838. Is l a prime number?
True
Suppose 14*l - 124850 - 28772 = 0. Is l a composite number?
False
Suppose -913*h + 923*h - 27670 = 0. Is h prime?
True
Suppose 4*p - 1445 + 517 = 0. Suppose -4*c + 968 = 4*y, 0*c + 3*y = -c + p. Is c a prime number?
False
Suppose -4*u + 524 = 2*b, -3*u + 509 = 2*b - 2*u. Let m(d) = -10*d + 345. Let r be m(20). Let l = b + r. Is l a prime number?
True
Suppose d = 6 - 1. Suppose -d*u + 27 = x, 2*x - 27 = x - u. Is 12600/x - (-2)/6 composite?
False
Suppose -3*p - 3*i = -4*p - 8, 40 = -5*p + 2*i. Let l(x) = 2*x**2 + 5. Is l(p) composite?
True
Let u(i) = -325*i - 16. Let y be u(12). Is (1 + 0)/(y/1306 + 3) composite?
False
Let f(t) = t**2 - 10*t + 10. Let q be f(9). Is (-2)/(8/(-2604)) - -2*q a prime number?
True
Let l(x) = 175*x**2 - 2*x + 11. Is l(-10) a prime number?
False
Let t(c) = -26*c**3 - 12*c**2 - 58*c - 1. Is t(-6) a composite number?
False
Is 2 + -6*(-7521)/6 prime?
True
Let n(r) = r**2 - 9*r + 12. Let y be n(8). Let p(z) = 46*z**2 + 3 - y + 19*z**2 + 2*z. Is p(2) a composite number?
False
Let c(v) = -238*v + 37. Is c(-17) a composite number?
True
Is 9026 - -4 - 1/1 composite?
False
Suppose -18*i + 22*i - 2*h - 74462 = 0, -55842 = -3*i + 3*h. Is i a composite number?
False
Suppose -12*x = -8*x - 5088. Suppose -3*j + 5*b = -x, j - 6*j = -2*b - 2120. Let g = 627 - j. Is g prime?
False
Suppose 4*k - 39 = 97. Let b = 3 - k. Is -1*(b - 0) + 2 a composite number?
True
Is -5299*((-44)/36 + 14/63) a prime number?
False
Is (36/(-4))/(-3) - (-613 + 3) a composite number?
False
Let i(w) = 4*w**3 - 2*w**2 - 2*w. Let k = -14 - -16. Let b be i(k). Is (-210)/b*388/(-6) a composite number?
True
Suppose 57*v + 42905 = 62*v. Is v a prime number?
True
Suppose -4*v = -g - 22, -3 + 0 = v + 4*g. Suppose 2*f - 262 = -2*f - 2*d, 5*f - 4*d = 347. Suppose -f - 98 = -v*l. Is l a prime number?
False
Let o(t) = 200*t. Let h be o(4). Suppose -5*z = -3*v - 0 - 22, 2*v - 17 = -3*z. Suppose z*x + m - h = 0, 2*x = -x + 2*m + 493. Is x composite?
True
Let w(d) = -3*d + 14. Let u be w(3). Let a(m) = 3*m**2 - 10*m. Is a(u) a prime number?
False
Let c(s) = 997*s**2 + s. Let l be ((-16)/40)/((-2)/5). Is c(l) prime?
False
Suppose -7 = -2*c - 1. Let f(o) = -2*o**2 + 8*o + 5. Let g(j) = j. Let n(h) = c*g(h) - f(h). Is n(-4) composite?
False
Suppose -2*r = 2*r - 104. Suppose -4*v + r = -2*v. Suppose -3*k - 62 = -2*m, 3 = 4*k - v. Is m prime?
True
Let x = -1925 + 5352. Is x a composite number?
True
Let m(o) = 2*o**2 + 6*o - 2*o + 17*o**3 - 3*o + 3 - 3*o**2. Is m(4) composite?
True
Let a(q) = 1016*q - 8. Let j be a(2). Suppose 0 = -4*v + j + 124. Is v a composite number?
True
Let y(x) = -x**2 - 9*x - 8. Let p be y(-6). Suppose 4*n = 2*s - p, n + s + 1 = -0. Is (149/n)/((-10)/20) a prime number?
True
Suppose 1844 = 4*m + 4*p - 0*p, -4*p = 20. Let x = -95 + m. Is x composite?
True
Let b = 437 - -230. Suppose -k + 657 = 3*k - i, -3*i = -4*k + b. Is k composite?
False
Let t(p) = p - 6. Let h be t(9). Let c be (2 - h)*10/(-2). Suppose 3*n = c*n - 326. Is n a prime number?
True
Let y(b) be the third derivative of -1/24*b**4 + 1/6*b**3 + 0*b + 3/20*b**5 + b**2 + 0. Is y(-2) a composite number?
True
Let p(i) = 30*i - 114. Is p(4) prime?
False
Let h = 6 + -1. Suppose -3*w + 4 = 2*k, 0 = -4*w + 3*k + 6 + h. Suppose 4*d + 3*s + 0*s = 200, -d - w*s = -45. Is d a prime number?
True
Let w = 3 - -19. Let g be 466/w + (-8)/44. Suppose -4*p + g = -7. Is p a composite number?
False
Suppose -v + 4603 = 272. Is v a composite number?
True
Let x = 8 - 5. Suppose 0 = 4*v + 6*c - 2*c - 60, 35 = 2*v + x*c. Is 524/v + (-15)/(-25) prime?
True
Let g = 11 + -9. Suppose -4*k + 4 = -g*k. Is 1/(-2)*(k + -300) composite?
False
Let f = -18 - -17. Is ((3 - 5) + 253)*(f + 2) composite?
False
Let q = 4174 + -2373. Is q composite?
False
Suppose -59*l = -65*l - 54. Let v(f) = -f**3 - 2*f**2 + 6*f + 32. Is v(l) composite?
True
Let r(x) = 9*x**3 - x**2 - 3*x - 7. Suppose 3*v = 4*t + 24, -t - 6 = t. Is r(v) a prime number?
True
Let w(p) = -2*p**2 + 3*p + 4. Let z be (-1)/(4/8) - 2. Let l be w(z). Let r = l + 71. Is r a composite number?
False
Let j(p) = 102*p**2 - 3*p + 17. Is j(4) a prime number?
True
Let h be -5 - (-2 - 0) - 1912. Is (h/(-10) + 4)/((-2)/(-4)) composite?
True
Suppose -5*j + 4*j + 4247 = 0. Is j composite?
True
Let k = 40 + -37. Suppose -k = -s, 5*v - s - 177 = 145. Is v a composite number?
True
Let w be ((-4)/(-3))/((-2)/(-6)). Suppose -541 = -5*o + w*o. Is o a prime number?
True
Let m be 2/(-4)*(-1 + -5). Suppose -w + 1 = -m, 1552 = 4*u - w. Is u a composite number?
False
Suppose 0 = -5*d + 4*d. Suppose d = 3*j - 3, -2*n - 8 = -3*j + 75. Is n/140 - 6318/(-14) composite?
True
Let p(g) be the first derivative of -9*g**2/2 + 13*g + 1. Let k(w) = -w - 4. Let s be k(4). Is p(s) composite?
True
Let i(c) = -c**3 + c**2 + 3. Let u(y) = y**3 - 3*y**2 - 3*y + 4. Let w be u(3). Let q = w + 1. Is i(q) prime?
True
Is 1/7 + (-375627)/(-49) a composite number?
True
Is 43/((-2838)/(-44))*47406/4 composite?
False
Suppose -8*j - 1825 = 471. Let w = j + 544. Is w prime?
True
Let o(g) = 1382*g - 1. Let z be o(1). Suppose 4*v + z = 3*a - 74, 2*a - 970 = v. Suppose x = -4*x + a. Is x composite?
False
Suppose -5*z = -5*l + 5230, -l - 3*z + 1305 = 247. Is l prime?
True
Let r be 4/8*-2*-5. Is 170/4 + r/10 prime?
True
Suppose 0 = -n - j + 4*j + 613, 1193 = 2*n + 5*j. Let y = n - 311. Is y a composite number?
False
Suppose 7*l - 12*l + 267634 = -t, -l + 5*t + 53522 = 0. Is l prime?
True
Let i(p) be the first derivative of 70*p**3/3 - 3*p**2 - 7*p - 7. Let q be i(5). Suppose q = 3*z - 0*z. Is z a prime number?
True
Let h(d) be the third derivative of 0 - 1/30*d**6 + 2*d**2 - 1/8*d**4 + 1/3*d**3 + 0*d**5 + 0*d. Is h(-3) composite?
True
Is 16/(-24) - 15617/(-21) a composite number?
False
Suppose 10 = 4*y - 5*y + 4*p, -14 = 3*y - 4*p. Is y/((-7)/(6447/6)) a prime number?
True
Suppose -2*x + 17763 - 4921 = 0. Is x composite?
False
Suppose -2*b + 4*r - 478 = 0, 8*b - 3*b + 5*r = -1180. Is (-2)/((2/b)/(9/27)) composite?
False
Let v be 139 + 0 + 6/(-2). Suppose 5*j = v + 339. Suppose -2*m = j - 853. Is m prime?
True
Suppose 3*j - 7 + 16 = 0. Let x(z) = -32*z - 1. Let m be x(j). Let v = 146 - m. Is v composite?
True
Suppose g - 4 + 0 = 0. Suppose 0 = -0*l - l + g*r + 21, l = -5*r - 15. Suppose 418 - l = a. Is a composite?
True
Suppose -o = -5*q + 10, -4*q = -2*o - 4 - 10. Let g(l) = l**3 - l**2 - l + 1. Let p be g(q). Suppose 4*t - t - 1353 = p. Is t composite?
True
Let b = 16118 - -65. Is b composite?
False
Let k be 1*4 + (5429 - (3 + 2)). Suppose 4*g - 9327 = -o, -k = -4*g - 5*o + 3879. Is g a prime number?
True
Suppose 50*u - 392753 = 299397. Is u a prime number?
False
Suppose -4*c - 5*c = -90. Is c/(-15) + 1342/6 a prime number?
True
Suppose -80 + 56 = -3*p. Suppose 0 = 7*y - 3361 + p. Is y a prime number?
True
Let a be (-16)/(-6)*(-9)/4. Let u(d) = -98*d - 67. Is u(a) a prime number?
True
Suppose 5*k = -3*h + 61186, -33816 + 9326 = -2*k + 4*h. Is k a composite number?
False
Let x(s) = s - 2. Let k be x(-1). Is 4 + k/(12/(-1708)) composite?
False
Let h = -100086 + 184057. Is h prime?
False
Let v = -1 - -6. Suppose 0 = -v*j - 4*g + 1427, 5*j + 628 = 2*g + 2067. Is j a prime number?
False
Suppose -3*f + 204707 = 2*t, 72*f = 71*f - 2*t + 68229. Is f a composite number?
False
Suppose 3*d = 4*d + 4. Let p be (6/d)/(2/(-628)). Suppose 109 + p = 4*x. Is x a composite number?
True
Suppose -12 = 4*b - b. Is 572/6 - ((-16)/12)/b prime?
False
Let y be (-2)/(-3) + (-104)/(-24). Suppose -4*v + 3*k + 754 = -2*v, k = y*v - 1859. Suppose -709 = -5*n - 2*l + v, -189 = -n + 5*l. Is n composite?
True
Suppose 0 + 2 = s + c, 2 = -5*s + c. Suppose -4*l + 3428 = -s*l - 4*z, 2*l = -2*z + 1722. Is l prime?
True
Is (0 - -3860) + 0 - -2 prime?
False
Let f be (-4 - -2)/((-6)/9). Suppose 9*i = f*i + 9042. Is i composite?
True
Suppose -59549 = -8*k + 52803. Is 21/42*1*k/2 prime?
True
Let k be ((-18)/10)/(2/(-10)). Suppose k*v - 5*v = 1340. Is v composite?
True
Suppose 24*i = 21*i - 6. Let d(p) = -8*p - 9. Is d(i) a composite number?
False
